0001100
Convert 2132434 (base 7) to base 14.
6ab8b
Convert -18c980 (base 13) to base 11.
-399720
-3677733 (base 9) to base 5
-1003001434
Convert 11103022 (base 4) to base 3.
1002202221
What is -1323213 (base 5) in base 8?
-64073
Convert -21102022201002 (base 3) to base 6.
-220302215
What is 1005103 (base 8) in base 4?
1000221003
-230433231 (base 5) to base 7
-11521126
Convert 42022510 (base 6) to base 3.
2021210101220
-244301340 (base 5) to base 11
-726a0a
What is 39082 (base 13) in base 11?
72346
What is -2231013022 (base 4) in base 14?
-146598
Convert 1c3cd6 (base 14) to base 2.
11110110011110110100
Convert ba8711 (base 14) to base 5.
3104323223
Convert -210102120101 (base 3) to base 11.
-268984
-130956 (base 11) to base 7
-1515642
12322521 (base 10) to base 13
2725a43
Convert -10212111011002 (base 3) to base 2.
-111110110000110101011
What is -11412621 (base 10) in base 11?
-6495520
Convert 2230023212 (base 4) to base 7.
5665064
-11762462 (base 8) to base 9
-4824466
4a4c27 (base 13) to base 7
21100155
Convert 29234 (base 16) to base 4.
221020310
540d05 (base 14) to base 7
33120305
What is -410060 (base 11) in base 3?
-1020110212010
-3eb8e (base 16) to base 15
-511c5
What is -110531443 (base 6) in base 15?
-2985dc
Convert 11111100100101010 (base 2) to base 6.
2434414
What is 203111312 (base 4) in base 10?
144758
-1cd34b (base 16) to base 11
-1080343
Convert 60657 (base 8) to base 12.
1257b
What is 1010010101110000001111 (base 2) in base 14?
507b43
-171110 (base 11) to base 16
-40b29
9892 (base 10) to base 8
23244
Convert -122222111320 (base 4) to base 7.
-113256415
711507 (base 8) to base 6
5004435
What is -2240033221 (base 5) in base 13?
-1061b62
What is -102021110000 (base 3) in base 10?
-221940
What is 1322140 (base 8) in base 11?
232896
1112200200001 (base 3) to base 15
113227
What is 102202222022 (base 3) in base 14?
60695
What is 395c47 (base 13) in base 11?
865902
Convert -2402020412 (base 5) to base 4.
-110333012231
What is 76422 (base 10) in base 14?
1dbca
What is 301433524 (base 6) in base 3?
100122012011021
Convert -10213103321 (base 4) to base 5.
-302201333
Convert -1131322042 (base 5) to base 13.
-702716
Convert 33115235 (base 6) to base 7.
11262236
What is -320231 (base 11) in base 10?
-512711
What is -2322203013 (base 4) in base 8?
-2724307
What is -5481519 (base 10) in base 3?
-101022111020020
What is -cc7c3 (base 13) in base 9?
-624127
What is -171130 (base 15) in base 16?
-110cd3
1210120121 (base 3) to base 15
a75d
What is 45577 (base 13) in base 10?
126172
12435140 (base 6) to base 8
1437444
113104242 (base 5) to base 6
15044134
-71d (base 14) to base 11
-1062
What is -352335314 (base 6) in base 13?
-148900c
What is -21112100 (base 4) in base 15?
-b528
Convert -1629640 (base 10) to base 13.
-4509ac
What is 5411513 (base 6) in base 14?
6cd81
1dc28 (base 16) to base 3
20012012200
1031103021 (base 4) to base 15
63c2c
What is 513203 (base 16) in base 10?
5321219
What is -13044423 (base 5) in base 16?
-1f471
-2001204 (base 5) to base 14
-b64d
-1040122303 (base 5) to base 8
-10522170
6a308 (base 15) to base 12
14385b
What is -103516560 (base 7) in base 10?
-6206529
What is -11542111 (base 10) in base 8?
-54017137
Convert 16131 (base 15) to base 5.
4234041
-13540634 (base 8) to base 2
-1011101100000110011100
Convert 1101100101100111011111 (base 2) to base 13.
979383
-310233110 (base 4) to base 14
-58a20
What is 1a33c2 (base 13) in base 7?
5434216
-5b361 (base 13) to base 11
-104986
What is 2abb58 (base 13) in base 14?
1d630b
What is -620b7 (base 13) in base 9?
-287265
What is -305535404 (base 6) in base 12?
-1944564
What is 47b982 (base 12) in base 11?
723208
-10545 (base 6) to base 7
-4250
What is 3896196 (base 10) in base 8?
16671604
What is -5cd (base 14) in base 10?
-1161
Convert 21212001010 (base 3) to base 16.
25bd2
Convert -103434052 (base 6) to base 4.
-13010333300
3615467 (base 8) to base 4
3301230313
11001100000101010000 (base 2) to base 3
1120110200000
Convert -12602035 (base 7) to base 12.
-47b637
-db36 (base 15) to base 7
-252165
What is -20758073 (base 9) in base 16?
-98dcc0
What is -6142d (base 16) in base 12?
-172665
What is 1bd49 (base 14) in base 13?
2654c
Convert -337656 (base 8) to base 6.
-2242330
Convert 7003b (base 15) to base 8.
1264177
Convert 21101524 (base 7) to base 15.
25309d
What is -130001030323 (base 4) in base 10?
-7344955
-2001121002120 (base 3) to base 12
-449336
a494398 (base 11) to base 12
6240601
What is -104161 (base 11) in base 3?
-22110111000
Convert -7b1892 (base 12) to base 6.
-110141502
-230a99 (base 12) to base 7
-4525551
701015 (base 8) to base 11
147801
Convert -68b593 (base 12) to base 16.
-199d7f
Convert 44104240 (base 6) to base 16.
141120
15232253 (base 8) to base 5
1343040031
What is -104414420 (base 5) in base 4?
-1301332230
Convert 11046654 (base 8) to base 11.
1385571
-48459a (base 12) to base 10
-1168966
Convert 1021211022121 (base 3) to base 16.
a75b4
Convert 162dd81 (base 14) to base 10.
10871645
Convert 103123102 (base 5) to base 10.
442277
-11312012 (base 6) to base 11
-220228
70521a (base 13) to base 5
1132013042
What is 568915 (base 11) in base 13?
258b22
What is 7a8a37 (base 12) in base 11?
1121a51
Convert 1401044010 (base 5) to base 16.
35edaf
What is 109098 (base 10) in base 2?
11010101000101010
What is 98679 (base 10) in base 5?
11124204
1110111100001001011000 (base 2) to base 5
2000311001
Convert 23120042 (base 5) to base 6.
4240430
What is -211848 (base 10) in base 7?
-1541430
What is 1111010010010100000011 (base 2) in base 7?
46026500
What is -525602 (base 11) in base 15?
-1196d0
39a99 (base 14) to base 15
2c144
What is -120200330120 (base 4) in base 11?
-369a275
12638 (base 9) to base 4
2011130
Convert 3c540 (base 13) to base 4.
123210300
What is -5130215 (base 6) in base 9?
-413102
What is 7754156 (base 8) in base 5?
1013241042
Convert -581b0e (base 15) to base 12.
-14ab04b
Convert 180196 (base 12) to base 8.
1452402
Convert 16769cc (base 13) to base 10.
7269365
Convert -26369 (base 12) to base 6.
-1042213
Convert -121143 (base 13) to base 5.
-102241321
Convert 3405237 (base 10) to base 14.
648d93
What is -100121010211 (base 3) in base 6?
-4014334
What is 18d099 (base 15) in base 11?
755980
-741542 (base 8) to base 3
-110112022022
Convert 2b2625 (base 14) to base 2.
101101111011010011001
Convert -62052112 (base 7) to base 12.
-18a30a1
Convert -1c866 (base 13) to base 9.
-85273
What is 10000110011011101 (base 2) in base 6?
1250353
-24ba03 (base 12) to base 15
-bd159
54b87 (base 13) to base 3
21210122112
Convert -748918 (base 15) to base 8.
-25122245
Convert 264390 (base 12) to base 6.
21254300
Convert -1054264 (base 7) to base 13.
-47920
Convert 7cd5dc (base 14) to base 6.
231210142
Convert -1224302 (base 6) to base 3.
-10100020002
301311122 (base 4) to base 11
12a3a6
Convert 27b84 (base 14) to base 9.
158765
What is -7495a (base 15) in base 10?
-369985
What is 2c21 (base 14) in base 3?
101210110
Convert -44402031 (base 6) to base 5.
-320303143
-1307810 (base 9) to base 10
-714348
Convert 232554512 (base 6) to base 9.
8142588
Convert -2201112200 (base 3) to base 12.
-27039
38185 (base 11) to base 16
d601
Convert -291513 (base 10) to base 7.
-2322615
Convert 12205 (base 9) to base 5.
230221
-1100101000000110001010 (base 2) to base 13
-8bb776
What is -1b7588 (base 13) in base 3?
-1022122200121
Convert -bd83a (base 15) to base 16.
-931ed
-10057 (base 9) to base 2
-1100111010101
What is 36a58a (base 14) in base 12?
763766
-72525 (base 12) to base 6
-3111245
21332311 (base 6) to base 15
c7e11
184629 (base 11) to base 12
118604
-153625 (base 7) to base 14
-adbc
-c487 (base 16) to base 9
-76011
What is 50100115 (base 6) in base 11?
881529
8942 (base 12) to base 4
3231002
What is 1034451 (base 6) in base 8?
144577
What is 62344155 (base 8) in base 4?
302130201231
What is 76775 (base 11) in base 2?
11011001100101010
Convert -333430542 (base 6) to base 14.
-b382bc
1110222200102 (base 3) to base 14
166ba8
5b5c4b (base 13) to base 9
4087436
Convert 1241301431 (base 5) to base 4.
23232001310
21507601 (base 9) to base 11
5962372
-23c4c4 (base 14) to base 2
-100101011000001001100
-324113121 (base 5) to base 16
-154862
What is -1110010000111011010011 (base 2) in base 3?
-2